q + 5*f - 145 = f, 5*q + 5*f = 240. List the prime factors of q.
47
Suppose 0 = -z - 1 + 5. Let h = z + -4. Suppose 4*s - 52 = -2*m - h, -3*m + 65 = 5*s. What are the prime factors of s?
13
Suppose 3*c = -2*k - 53 + 206, 2*c = -5*k + 113. What are the prime factors of c?
7
Suppose -2*a - 3*w - 10 = 5, -a + 2*w = -10. Suppose a = d - 2*c - 14, 4*d - 5*c - 3 = 38. List the prime factors of d.
2
Let t = 11 - -43. What are the prime factors of t?
2, 3
Suppose 0 = z + z - 3*o - 16, 0 = 2*z + 5*o + 16. Suppose -z*l + 7*l = 25. Suppose t - 3*u - 13 = 0, 5*t = l*u + 41 + 14. What are the prime factors of t?
2, 5
Let r = 158 + -80. What are the prime factors of r?
2, 3, 13
Suppose -2*z + 6 = -3*t + 4*t, -2*z = 2*t - 8. List the prime factors of t/8 - 75/(-4).
19
Suppose 0 = -4*t - 2*a + 260, 2*t - 163 = 3*a - 33. List the prime factors of t.
5, 13
Let r(n) be the second derivative of 5/2*n**2 + 1/20*n**5 + 1/12*n**4 + 0 + 0*n**3 + 4*n. What are the prime factors of r(0)?
5
Let y(o) = o**2 + 6*o. Let c be y(-6). Let v = 2 - c. Suppose 0*m + 46 = 4*m - v*d, -2*d - 22 = -2*m. What are the prime factors of m?
2, 3
Suppose 0 = -4*h + 62 + 154. What are the prime factors of h?
2, 3
Suppose -4 = 4*k - 16. List the prime factors of 51*(3 - 8/k).
17
Suppose 0 = -6*b + 3*b + 600. What are the prime factors of b/110 - (-2)/11?
2
Suppose 3 = -3*n + o, 0 = -n + 4*n - 4*o + 12. Suppose c + c - 16 = n. List the prime factors of c.
2
Let b be ((-4)/2)/((-1)/4). Let a = -13 + b. Let o = 3 - a. What are the prime factors of o?
2
What are the prime factors of 27/(-18) - (-3)/2 - -150?
2, 3, 5
Suppose s - 183 = p, -2*s + p = 71 - 440. List the prime factors of s.
2, 3, 31
Let y = -12 - -6. Let b(w) = -7*w + 17. Let m(t) = -4*t + 9. Let x(j) = -6*b(j) + 11*m(j). What are the prime factors of x(y)?
3
Suppose -4*l - 24 = -3*v, -5*l - 11 - 5 = -2*v. Suppose 0*w - v = -2*w. Let t = 10 + w. What are the prime factors of t?
2, 7
Let o(z) = -z**3 + 6*z**2 - 2. Let u be o(6). List the prime factors of u*4*(-3 - -2).
2
Let k = -4 - -1. Let y be k*((-32)/6)/4. Suppose -5*c = 5*x - y*x - 40, 2*c = 4*x + 16. What are the prime factors of c?
2
Suppose -40 = n - 0*g - 4*g, 2*g = 4*n + 104. What are the prime factors of (8/(-6))/(2/n)?
2
Suppose -4*j - 4*b + 380 = 0, 0 = 5*j - 5*b - 246 - 239. What are the prime factors of j?
2, 3
Let k be (-39)/(-4) + (-6)/8. Let m be (0 + -3)/(k/(-24)). Suppose n = 3*u + 1 - 15, -n = -2*u + m. List the prime factors of u.
2, 3
Let p(s) be the third derivative of s**5/30 + 5*s**4/24 + s**3 + 2*s**2. What are the prime factors of p(-4)?
2, 3
Let d be (-67 - 1)/(-4) + -2. Suppose -6*p = -11*p + d. List the prime factors of p.
3
Let o = -5 + 5. Suppose 44 = 2*d + 2*s, o*s - 14 = -d + s. Suppose p - 16 = -3*q + d, 2*p = -4. What are the prime factors of q?
2, 3
List the prime factors of (-1 - 1) + (23 - 2).
19
Suppose 0*x - 20 = -4*x - 3*u, -2*x + 2*u - 4 = 0. Let z(t) = 6*t**3 - 4*t + 3. List the prime factors of z(x).
43
Suppose 2*n + 2 = -10. Let u = 1 - n. What are the prime factors of u?
7
Suppose 2*n - 4 = -12. List the prime factors of (n/6)/(4/(-90)).
3, 5
Suppose 4*f - 13 = 7. Suppose c - v = -3*c + f, 2*v = -c + 8. List the prime factors of c.
2
What are the prime factors of (-3 + 2)/((-1)/42)?
2, 3, 7
What are the prime factors of 78/(-9)*(-4 - -1)?
2, 13
Suppose -i - 8 = 4*r, 3*i - 12 = -0*i. Let t be (2/(-3))/(2/r). List the prime factors of 45/12 + t/4.
2
Let v = 2 - 7. Suppose 5 + 3 = -4*l. List the prime factors of (l + (-13)/v)*5.
3
Suppose -h - y = 4*h - 177, -12 = 4*y. What are the prime factors of h?
2, 3
Suppose -4*y = -2*y - 4. Suppose y*a + 0 - 10 = 0. What are the prime factors of a?
5
Let x be 2 - 3 - (-274)/2. List the prime factors of (x/14)/(12/42).
2, 17
Let u(s) = s + 2. Let v be u(4). Let c = v + -4. List the prime factors of c.
2
List the prime factors of (14/6)/(515/255 - 2).
7, 17
Let d(k) = -k**3 - k**2 - k + 2. What are the prime factors of d(-3)?
23
Suppose 3 + 3 = -3*i. Let r = 1 - i. List the prime factors of r.
3
Let g(p) = 3*p**2 - 3*p**2 + 6 + p**2 + 4*p. Let i be g(-6). Suppose i - 8 = 5*o. List the prime factors of o.
2
Suppose -4*n = -4*t - 88, 4*n - 78 = t + t. Let q(d) = 2*d**2 + 2*d - 2. Let a be q(3). Suppose -3*r + n + a = 0. What are the prime factors of r?
13
Let y be -1*(-2)/(2/(-2)). Let l be 1/y + 4/8. List the prime factors of (l + 3)/((-3)/(-10)).
2, 5
Suppose 7*j - 5 = -12. Let i be (1 - 6)*(-8)/10. Let l = i - j. List the prime factors of l.
5
Suppose 9*x - 4*x - 9 = -4*b, -x = 4*b - 21. Let w(u) = 0*u - 2 + 2*u + 0. List the prime factors of w(b).
2, 5
List the prime factors of 302/4 + (-2)/4.
3, 5
Let v(a) = 3*a + 3. Let f be v(-3). Let l be (f/(-9))/(6/(-27)). What are the prime factors of 30/((l - -5)*1)?
3, 5
Suppose -3*c + 33 = 3*a, 3*a - 31 = -3*c - 2*c. List the prime factors of a.
2, 3
Let n be (3 + -6)/(-1) - 1. List the prime factors of 606/36 - n/(-12).
17
Let j = 20 + -8. Let h(k) = 5 + 6*k + 14 - 7*k. What are the prime factors of h(j)?
7
What are the prime factors of 127 - ((-4)/14)/((-4)/56)?
3, 41
Let o(g) = -g - 11. Let n be o(-11). What are the prime factors of n - (2 + -2 - 7)?
7
Let h be -1 + 0 - 0 - -6. Suppose -h*q + 25 = 5. Suppose 0 = q*w + 3*z - 7, 0*w = -w + z + 7. List the prime factors of w.
2
Let k = -33 + 85. What are the prime factors of k?
2, 13
Suppose -5*k + 2 = -3. Let a be 10/5 - (k - -4). What are the prime factors of 0 - (-10)/(a + 4)?
2, 5
Suppose -2*a = a - 156. List the prime factors of a.
2, 13
Suppose h - 3*a = 4*h + 135, -a - 168 = 4*h. Let d = -22 - h. Suppose -d = -r - 4*r - 4*p, 0 = -p + 1. What are the prime factors of r?
3
Suppose 0 = 12*v - 110 - 1210. List the prime factors of v.
2, 5, 11
Let o(w) = 3*w + 12. Let x(m) = -3*m - 11. Let z(k) = 4*o(k) + 5*x(k). Let b = -18 - -13. What are the prime factors of z(b)?
2
Let j = -1 - -1. Suppose -2*r + j = -4. What are the prime factors of 4/((-3)/r - -2)?
2
What are the prime factors of 2/6 + (-1041)/(-9)?
2, 29
Let n(z) = -58*z**3 + 3*z**2 - 3*z + 1. Let k(d) = d**2 + 1. Let r(c) = -3*k(c) + n(c). List the prime factors of r(-1).
59
List the prime factors of 2 + 130 + (-4 - 0).
2
Let i(s) = -10*s + 32. List the prime factors of i(0).
2
Let q(y) = y + 9. Suppose 3*s + 9 = -3. What are the prime factors of q(s)?
5
Let u(p) = 2*p + 2. Let q be u(10). Suppose -3*c + 5*t = -2*c - 6, -c - q = 2*t. List the prime factors of (c/(-8))/(2/8).
7
Let z(c) = -c + 4. Let s(u) be the second derivative of u**5/20 + u**4/6 + u**3/3 + u**2/2 + u. Let n be s(-1). List the prime factors of z(n).
2
Let k be -2 + 2 + -4 + 16. Let f be 3*k/27*6. What are the prime factors of -1 - 0 - (-20 + f)?
11
Suppose -3*v = d + v - 30, -3*d + 2*v + 118 = 0. Suppose 0*r - 5*r + d = 4*h, -r - 2*h + 4 = 0. List the prime factors of r.
2, 5
Let a(b) = 22*b - 24*b + b**2 - 3 + 0 - 10. List the prime factors of a(6).
11
Suppose w - 1820 = -9*w. List the prime factors of w.
2, 7, 13
Let m(z) = 21*z - 1. List the prime factors of m(3).
2, 31
Let y(o) = 50*o + 12. List the prime factors of y(4).
2, 53
What are the prime factors of (-1)/(-1)*(1 + 55 + -2)?
2, 3
Let a(o) = o**3 - 9*o**2 + 5*o - 7. Let u(i) = -6*i**3 + 46*i**2 - 25*i + 34. Let g(w) = 11*a(w) + 2*u(w). List the prime factors of g(-8).
3, 5
Suppose -2*c + 5*c = 6. What are the prime factors of (c - (-33)/3) + -1?
2, 3
Let h(n) = 2*n**2 + 15*n + 23. What are the prime factors of h(-11)?
2, 5
Suppose -j + 3*r = j - 9, 0 = j + 3*r - 18. Suppose 2*i + j = -i. Let l = 11 - i. What are the prime factors of l?
2, 7
Suppose -4*n = -o + 54 - 5, -5*o + 270 = 5*n. What are the prime factors of o?
53
Let g be 1/(3*(-3)/(-36)). Let x = -10 + g. Let d(n) = -n - 4. What are the prime factors of d(x)?
2
What are the prime factors of (159 - -4) + -2 + 1?
2, 3
Suppose 5*r = 6*r - 5*c + 27, 0 = -2*r - c + 1. Let n be (-21)/(-12)*r*-10. Suppose -h = -u - 3*h + 10, n = 3*u + h. What are the prime factors of u?
2, 3
Suppose 0 = -5*z + 3*m + 39, -4*m - 5 - 14 = -3*z. Suppose z*l - 15 = 4*l. List the prime factors of l.
3
Let o(r) = -r**2 - 8*r - 6. Let p be (12/10)/(2/(-10)). List the prime factors of o(p).
2, 3
What are the prime factors of (-1)/(10/24 - (-2)/(-3))?
2
Suppose 6 = 2*t + t. Suppose -m +